{"id":61,"date":"2021-02-11T17:29:35","date_gmt":"2021-02-11T22:29:35","guid":{"rendered":"https:\/\/exhibitions.lib.udel.edu\/xj-kennedy\/?page_id=61"},"modified":"2021-02-26T15:33:41","modified_gmt":"2021-02-26T20:33:41","slug":"exhibition-items","status":"publish","type":"page","link":"https:\/\/exhibitions.lib.udel.edu\/xj-kennedy\/exhibition-items\/","title":{"rendered":"Exhibition Items"},"content":{"rendered":"\n<p> <em>[UD_EXHIBITION_ITEM]<\/em> <\/p>\n\n\n\n<p><strong>Allen, Dick. <em>Overnight in the Guest House of the Mystic: Poems<\/em>. Baton <em>Rouge: Louisiana State<\/em> University Press, 1984.\u00a0 Includes a lengthy presentation inscription from Allen to X. J. Kennedy.\u201d<\/strong> <\/p>\n\n\n\n<p> <em>[UD_EXHIBITION_ITEM]<\/em>  <\/p>\n\n\n\n<p><strong>Apollinaire, Guillaume. <em>Alcools: Po\u00e8mes 1898-1913<\/em>. Paris: Gallimard, 1955.\u00a0 Includes the ownership note: \u201cKennedy Paris Dec. 55.\u201d<\/strong><\/p>\n\n\n\n<p> <em>[UD_EXHIBITION_ITEM]<\/em>  <\/p>\n\n\n\n<p><strong>Austin, Peter. <em>On Occasion: Poems<\/em>. Torrance, California: White Violet Press, 2012.\u00a0 Inscribed by the author.\u00a0 X. J. Kennedy\u2019s blurb appears on the rear cover.<\/strong><\/p>\n\n\n\n<p> <em>[UD_EXHIBITION_ITEM]<\/em>  <\/p>\n\n\n\n<p><strong>Brooks, Gwendolyn. <em>To Disembark.\u00a0 Chicago:<\/em> Third World Press, 1981.\u00a0 Bears the note \u201cKennedy 12\/82 from Grolier.\u201d<\/strong><\/p>\n\n\n\n<p> <em>[UD_EXHIBITION_ITEM]<\/em>  <\/p>\n\n\n\n<p><strong>Chernoff, Maxine. <em>New Faces of 1952<\/em>. Ithaca, N.Y.: Ithaca House, 1985.\u00a0 Author&#8217;s autograph presentation copy, inscribed \u201cfor Joe,\u201d dated 10\/21\/85.<\/strong><\/p>\n\n\n\n<p> <em>[UD_EXHIBITION_ITEM]<\/em>  <\/p>\n\n\n\n<p><strong>Ciardi, John. <em>Other Skies: Poems<\/em>.\u00a0 Boston: Little, Brown, 1947.\u00a0 Bears the note \u201cKennedy Ann Arbor March 1960.\u201d<\/strong><\/p>\n\n\n\n<p> <em>[UD_EXHIBITION_ITEM]<\/em>  <\/p>\n\n\n\n<p><strong>Clifton, Lucille. <em>The Collected Poems of Lucille Clifton 1965-<\/em>2010. Rochester, NY: BOA Editions, 2012.\u00a0 Laid into this copy is a letter from the publishers to X.J. and Dorothy Kennedy.<\/strong><\/p>\n\n\n\n<p> <em>[UD_EXHIBITION_ITEM]<\/em>  <\/p>\n\n\n\n<p><strong>Collins, Billy. <em>The Art of Drowning<\/em>. Pitt Poetry Series. Pittsburgh: University of Pittsburgh Press, 1995.\u00a0 X.J. Kennedy has written a short blurb on the rear cover: \u201cNobody else today writes quite like Collins, and few indeed write any better.\u201d<\/strong><\/p>\n\n\n\n<p> <em>[UD_EXHIBITION_ITEM]<\/em>  <\/p>\n\n\n\n<p><strong>Cullen, Countee. <em>Collected Poems<\/em>. New York, N.Y.: Library of America, 2013.\u00a0 X.J. Kennedy has written the following note on the rear free endpaper of this collection of poems by one of the central figures of the Harlem Renaissance: \u201cSome lyrics like Teasdale\u2019s; some in similar form, but Gutsier.\u201d<\/strong><\/p>\n\n\n\n<p> <em>[UD_EXHIBITION_ITEM]<\/em>  <\/p>\n\n\n\n<p><strong>Espaillat, Rhina P. <em>Agua de dos R\u00edos: poemas, prosa y traducciones: una colecci\u00f3n biling\u00fce<\/em>. Santo Domingo, Rep\u00fablica Dominicana: Secretar\u00eda de Estado de Cultura, Editora Nacional, 2006.\u00a0 Inscribed by the author to \u201cJoe and Dorothy\u201d with an autograph card laid in.<\/strong><\/p>\n\n\n\n<p> <em>[UD_EXHIBITION_ITEM]<\/em>  <\/p>\n\n\n\n<p><strong>Finlay, Ian Hamilton. <em>They Returned Home Tired, but Happy<\/em>. Dunsyre, Lanark: Wild Hawthorn Press, 1972.\u00a0 Folded card illustrated by Ian Gardner.\u00a0 Accompanied by an autograph note from Ian Hamilton Finlay: \u201cDear X. J. Kennedy, your Counter\/Measures arrived today.\u00a0 This is The End. Yours sincerely, Ian Hamilton Finlay.\u201d<\/strong><\/p>\n\n\n\n<p> <em>[UD_EXHIBITION_ITEM]<\/em>  <\/p>\n\n\n\n<p><strong>Finlay, Ian Hamilton. <em>A Pretty Kettle of Fish<\/em>. Dunsyre: Wild Hawthorn Press, 1974.\u00a0 This chapbook contains the short picture poem \u201cSail Plan\u201d which is dedicated \u201cFor X. J. Kennedy.\u201d<\/strong><\/p>\n\n\n\n<p> <em>[UD_EXHIBITION_ITEM]<\/em>  <\/p>\n\n\n\n<p><strong>Gilbert, Jack. <em>Views of Jeopardy<\/em>.\u00a0 New Haven: Yale University Press: New Haven, 1962.\u00a0 Bears the note: \u201cKennedy Feb \u201962 Review copy from N.Y. Times.\u201d<\/strong><\/p>\n\n\n\n<p> <em>[UD_EXHIBITION_ITEM]<\/em>  <\/p>\n\n\n\n<p><strong>Gioia, Dana. <em>Daily Horoscope: Poems<\/em>. Saint Paul, Minn.: Graywolf Press, 1986.\u00a0 Laid into this copy are two letters from the author to Kennedy, as well as a photograph and a published interview with Dana Gioia.<\/strong><\/p>\n\n\n\n<p> <em>[UD_EXHIBITION_ITEM]<\/em>  <\/p>\n\n\n\n<p><strong>Hall, Donald. <em>The Museum of Clear Ideas<\/em>. New York: Ticknor &amp; Fields, 1993.\u00a0 X.J. Kennedy\u2019s copy of <em>The Museum of Clear Ideas<\/em> includes two poetry broadsides inscribed by Donald Hall.<\/strong><\/p>\n\n\n\n<p> <em>[UD_EXHIBITION_ITEM]<\/em>  <\/p>\n\n\n\n<p><strong>Kizer, Carolyn. <em>Cool, Calm &amp; Collected: Poems, 1960-2000<\/em>. Port Townsend, Wash.: Copper Canyon Press, 2001.\u00a0 A copy of Kizer\u2019s obituary from the <em>Boston Globe<\/em> is laid in X. J. Kennedy\u2019s copy of this collection.<\/strong><\/p>\n\n\n\n<p> <em>[UD_EXHIBITION_ITEM]<\/em>  <\/p>\n\n\n\n<p><strong>Tynan, Katharine. <em>The Poems of Katherine Tynan<\/em>, edited by Monk Gibbon. Dublin: Allen Figgis, 1963.\u00a0 Bears the autograph note: \u201cKennedys Dublin April 1965.\u201d<\/strong><\/p>\n\n\n\n<p> <em>[UD_EXHIBITION_ITEM]<\/em>  <\/p>\n\n\n\n<p><strong>Wagoner, David. <em>Collected Poems 1956-1976<\/em>. Bloomington: Indiana University Press, 1976.\u00a0 Bears the autograph note: \u201cKennedys Review copy from <em>Parnassus<\/em> Jan. 77.\u201d<\/strong><\/p>\n\n\n\n<p> <em>[UD_EXHIBITION_ITEM]<\/em>  <\/p>\n\n\n\n<p><strong>Waldrop, Rosmarie, and Keith Waldrop. <em>Well Reality<\/em>. Sausalito, Calif.: Post-Apollo Press, 1998.\u00a0 Presentation inscription from the authors.<\/strong><\/p>\n","protected":false},"excerpt":{"rendered":"<p>[UD_EXHIBITION_ITEM] Allen, Dick. Overnight in the Guest House of the Mystic: Poems. Baton Rouge: Louisiana State University Press, 1984.\u00a0 Includes a lengthy presentation inscription from Allen to X. J. Kennedy.\u201d [UD_EXHIBITION_ITEM] Apollinaire, Guillaume. Alcools: Po\u00e8mes 1898-1913. Paris: Gallimard, 1955.\u00a0 Includes the ownership note: \u201cKennedy Paris Dec. 55.\u201d [UD_EXHIBITION_ITEM] Austin, Peter. On Occasion: Poems. Torrance, California: [&hellip;]<\/p>\n","protected":false},"author":4,"featured_media":0,"parent":0,"menu_order":0,"comment_status":"closed","ping_status":"closed","template":"page-exhibition.php","meta":{"_acf_changed":false,"footnotes":""},"class_list":["post-61","page","type-page","status-publish","hentry"],"acf":[],"_links":{"self":[{"href":"https:\/\/exhibitions.lib.udel.edu\/xj-kennedy\/wp-json\/wp\/v2\/pages\/61"}],"collection":[{"href":"https:\/\/exhibitions.lib.udel.edu\/xj-kennedy\/wp-json\/wp\/v2\/pages"}],"about":[{"href":"https:\/\/exhibitions.lib.udel.edu\/xj-kennedy\/wp-json\/wp\/v2\/types\/page"}],"author":[{"embeddable":true,"href":"https:\/\/exhibitions.lib.udel.edu\/xj-kennedy\/wp-json\/wp\/v2\/users\/4"}],"replies":[{"embeddable":true,"href":"https:\/\/exhibitions.lib.udel.edu\/xj-kennedy\/wp-json\/wp\/v2\/comments?post=61"}],"version-history":[{"count":7,"href":"https:\/\/exhibitions.lib.udel.edu\/xj-kennedy\/wp-json\/wp\/v2\/pages\/61\/revisions"}],"predecessor-version":[{"id":115,"href":"https:\/\/exhibitions.lib.udel.edu\/xj-kennedy\/wp-json\/wp\/v2\/pages\/61\/revisions\/115"}],"wp:attachment":[{"href":"https:\/\/exhibitions.lib.udel.edu\/xj-kennedy\/wp-json\/wp\/v2\/media?parent=61"}],"curies":[{"name":"wp","href":"https:\/\/api.w.org\/{rel}","templated":true}]}}